{"id":1099,"date":"2026-04-26T12:44:28","date_gmt":"2026-04-26T10:44:28","guid":{"rendered":"https:\/\/www.filduraz.fr\/?page_id=1099"},"modified":"2026-04-26T12:45:22","modified_gmt":"2026-04-26T10:45:22","slug":"tout-ceux","status":"publish","type":"page","link":"https:\/\/www.filduraz.fr\/?page_id=1099","title":{"rendered":"Tous ceux"},"content":{"rendered":"\n<div class=\"wp-block-group has-contrast-dark-color has-text-color has-background has-link-color has-alegreya-font-family has-superbfont-tiny-font-size wp-elements-8bd7bf353239a744a2d76bcd9bc95500 has-global-padding is-layout-constrained wp-container-core-group-is-layout-0feb1511 wp-block-group-is-layout-constrained\" style=\"background:radial-gradient(rgb(203,196,196) 0%,rgb(224,205,205) 31%,rgb(210,199,199) 69%,rgb(169,184,195) 100%);min-height:0px;padding-top:0;padding-right:var(--wp--preset--spacing--superbspacing-small);padding-bottom:0;padding-left:var(--wp--preset--spacing--superbspacing-small);font-style:normal;font-weight:400;line-height:2\">\n<p class=\"has-alegreya-font-family has-superbfont-small-font-size\">Tous ces gens qui ont des valeurs \u00e0 g\u00e9om\u00e9trie variable qui t&rsquo;parlent de v\u00e9rit\u00e9 et qui trompent leur femme,<\/p>\n\n\n\n<p class=\"has-alegreya-font-family has-superbfont-small-font-size\">frappent leurs gosses, parfois l&rsquo;inverse, souvent les deux\u00a0!<\/p>\n\n\n\n<p class=\"has-alegreya-font-family has-superbfont-small-font-size\">Tous ceux qui d\u00e8s l&rsquo;enfance voient qui tu es, ce que tu seras, parce qu\u2019ils pensent savoir d\u2019o\u00f9 tu viens&nbsp;!<\/p>\n\n\n\n<p class=\"has-alegreya-font-family has-superbfont-small-font-size\">tous ceux qui veulent faire des carr\u00e9s avec des ronds \u00e0 t&rsquo;en faire p\u00e9ter la circonf\u00e9rence,<\/p>\n\n\n\n<p class=\"has-alegreya-font-family has-superbfont-small-font-size\">ceux \u00e0 qui tu fais confiance,qui posent les r\u00e8gles et puis qui trichent&nbsp;!<\/p>\n\n\n\n<p class=\"has-alegreya-font-family has-superbfont-small-font-size\">Tous ceux qui brandissent le respect comme un balai brosse et r\u00eavent d&rsquo;un grand coup d&rsquo;serpilli\u00e8re,<\/p>\n\n\n\n<p class=\"has-alegreya-font-family has-superbfont-small-font-size\">avec leurs limites qu&rsquo;ils t&rsquo;imposent comme on pose des pi\u00e8ges&nbsp;!<\/p>\n\n\n\n<p class=\"has-alegreya-font-family has-superbfont-small-font-size\">Ceux qui on vu la lumi\u00e8re et que cela d\u00e9rangent pas qu&rsquo;on t&rsquo;coupe le courant.<\/p>\n\n\n\n<p class=\"has-alegreya-font-family has-superbfont-small-font-size\">Tous ceux qu&rsquo;tu choques et qui poseraient bien leur carcan sur ton intime.<\/p>\n\n\n\n<p class=\"has-alegreya-font-family has-superbfont-small-font-size\">Tous ceux qui t&rsquo;\u00e9clabousse avec leur bonheur \u00e0 deux balles et qui d\u00e9bandent quand y s&rsquo;agit d&rsquo;e le d\u00e9fendre et de risquer de prendre une balle.<\/p>\n\n\n\n<p class=\"has-alegreya-font-family has-superbfont-small-font-size\">Tous ceux qui se f\u00e2chent, enfin&nbsp;!<\/p>\n\n\n\n<p class=\"has-alegreya-font-family has-superbfont-small-font-size\">parce que tu parles trop fort, mais qui n\u2019ont pas \u00e9cout\u00e9 ce que tu hurles.<\/p>\n\n\n\n<p class=\"has-alegreya-font-family has-superbfont-small-font-size\">Et puis tous ceux qui font la f\u00eate pas par envie mais par d\u00e9faut<\/p>\n\n\n\n<p class=\"has-alegreya-font-family has-superbfont-small-font-size\">pour remplir les vides comme on remplit son verre,<\/p>\n\n\n\n<p class=\"has-alegreya-font-family has-superbfont-small-font-size\">qu&rsquo;on boit et \u00e0 nouveau, jusqu&rsquo;\u00e0 c&rsquo;que Mort s&rsquo;avance.<\/p>\n\n\n\n<p class=\"has-alegreya-font-family has-superbfont-small-font-size\">Tous ceux qui sont perdus d&rsquo;avance qu&rsquo;ils soient pauvres ou qu&rsquo;ils soient riches.<\/p>\n\n\n\n<p class=\"has-alegreya-font-family has-superbfont-small-font-size\">Et puis ces gens , ces proches, qui t&rsquo;entourent m\u00eame quand t&rsquo;es moche.<\/p>\n\n\n\n<p class=\"has-alegreya-font-family has-superbfont-small-font-size\">Tous ceux qui t&rsquo;aiment un tant soit peu sans jamais te le dire,<\/p>\n\n\n\n<p class=\"has-alegreya-font-family has-superbfont-small-font-size\">tous ceux qui te gavent ou qui t&rsquo;font rire.<\/p>\n\n\n\n<p class=\"has-alegreya-font-family has-superbfont-small-font-size\">Tous ceux que je hais, que tu es, que je suis, que nous sommes \u2026<\/p>\n<\/div>\n","protected":false},"excerpt":{"rendered":"<p>Tous ces gens qui ont des valeurs \u00e0 g\u00e9om\u00e9trie variable qui t&rsquo;parlent de v\u00e9rit\u00e9 et qui trompent leur femme, frappent leurs gosses, parfois l&rsquo;inverse, souvent les deux\u00a0! Tous ceux qui d\u00e8s l&rsquo;enfance voient qui tu es, ce que tu seras, parce qu\u2019ils pensent savoir d\u2019o\u00f9 tu viens&nbsp;! tous ceux qui veulent faire des carr\u00e9s avec [&hellip;]<\/p>\n","protected":false},"author":1,"featured_media":0,"parent":0,"menu_order":0,"comment_status":"closed","ping_status":"closed","template":"","meta":{"footnotes":""},"class_list":["post-1099","page","type-page","status-publish","hentry"],"_links":{"self":[{"href":"https:\/\/www.filduraz.fr\/index.php?rest_route=\/wp\/v2\/pages\/1099","targetHints":{"allow":["GET"]}}],"collection":[{"href":"https:\/\/www.filduraz.fr\/index.php?rest_route=\/wp\/v2\/pages"}],"about":[{"href":"https:\/\/www.filduraz.fr\/index.php?rest_route=\/wp\/v2\/types\/page"}],"author":[{"embeddable":true,"href":"https:\/\/www.filduraz.fr\/index.php?rest_route=\/wp\/v2\/users\/1"}],"replies":[{"embeddable":true,"href":"https:\/\/www.filduraz.fr\/index.php?rest_route=%2Fwp%2Fv2%2Fcomments&post=1099"}],"version-history":[{"count":2,"href":"https:\/\/www.filduraz.fr\/index.php?rest_route=\/wp\/v2\/pages\/1099\/revisions"}],"predecessor-version":[{"id":1101,"href":"https:\/\/www.filduraz.fr\/index.php?rest_route=\/wp\/v2\/pages\/1099\/revisions\/1101"}],"wp:attachment":[{"href":"https:\/\/www.filduraz.fr\/index.php?rest_route=%2Fwp%2Fv2%2Fmedia&parent=1099"}],"curies":[{"name":"wp","href":"https:\/\/api.w.org\/{rel}","templated":true}]}}