{"id":315,"date":"2024-03-05T07:34:10","date_gmt":"2024-03-05T06:34:10","guid":{"rendered":"https:\/\/www.rgimagesettextes.art\/?page_id=315"},"modified":"2026-04-26T00:48:05","modified_gmt":"2026-04-25T22:48:05","slug":"textes-de-chansons","status":"publish","type":"page","link":"https:\/\/www.filduraz.fr\/?page_id=315","title":{"rendered":"Que reste-t-il"},"content":{"rendered":"\n<div style=\"height:30px\" aria-hidden=\"true\" class=\"wp-block-spacer\"><\/div>\n\n\n\n<div class=\"wp-block-group has-contrast-dark-color has-text-color has-background has-link-color has-alegreya-font-family has-superbfont-tiny-font-size wp-elements-92aed677c026ceaa883d57b61efc2dd4 has-global-padding is-layout-constrained wp-container-core-group-is-layout-0feb1511 wp-block-group-is-layout-constrained\" style=\"background:radial-gradient(rgb(203,196,196) 0%,rgb(224,205,205) 31%,rgb(210,199,199) 69%,rgb(169,184,195) 100%);min-height:0px;padding-top:0;padding-right:var(--wp--preset--spacing--superbspacing-small);padding-bottom:0;padding-left:var(--wp--preset--spacing--superbspacing-small);font-style:normal;font-weight:400;line-height:2\">\n<p class=\"has-text-align-center has-contrast-dark-color has-text-color has-link-color has-superbfont-medium-font-size wp-elements-3f125a92e37fd2487f5915a50a2fda3b\"><\/p>\n\n\n\n<p class=\"has-contrast-dark-color has-text-color has-link-color has-superbfont-small-font-size wp-elements-5fbf22cb036a595ae49e93453810fb00\">Chacun, Chacune, souffre \u00e0 sa dose,<br>s\u2019\u00e9coute, se raconte et s\u2019\u00e9teint<br>doucement,<br>sans soubresaut.<\/p>\n\n\n\n<p class=\"has-contrast-dark-color has-text-color has-link-color has-superbfont-small-font-size wp-elements-d0ee239df01f59ae0cad9a67ffa5b981\">Chacun, chacune, prenant la pose,<br>s\u2019\u00e9coute, se raconte et s\u2019\u00e9teint<br>lentement, sans conviction.<\/p>\n\n\n\n<p class=\"has-contrast-dark-color has-text-color has-link-color has-superbfont-small-font-size wp-elements-80471c33cf2913dc15f4470852b15c30\">Que reste-t-il de nos col\u00e8res ?<br>Nos fantaisies, nos bonnes mani\u00e8res<\/p>\n\n\n\n<p class=\"has-contrast-dark-color has-text-color has-link-color has-superbfont-small-font-size wp-elements-0083bb7194ccda80ed309a9910e2ed6a\">Chacun, chacune, dans son \u00e9cran<br>s\u2019enflamme, sort les griffes et renonce<br>bruyamment,<br>sans pudeur<br>chacun, chacune fait son boucan<br>s\u2019enflamme, sort les griffes et renonce<\/p>\n\n\n\n<p class=\"has-contrast-dark-color has-text-color has-link-color has-superbfont-small-font-size wp-elements-80471c33cf2913dc15f4470852b15c30\">Que reste-t-il de nos col\u00e8res ?<br>Nos fantaisies, nos bonnes mani\u00e8res<\/p>\n\n\n\n<p class=\"has-contrast-dark-color has-text-color has-link-color has-superbfont-small-font-size wp-elements-b1adabd85a2c04f764eb787032ec79cc\">chacun, chacune, paupi\u00e8re mi-closes<br>envisage, d\u00e9visage et s\u2019efface<br>discr\u00e8tement<br>sans \u00e9clat.<\/p>\n\n\n\n<p class=\"has-contrast-dark-color has-text-color has-link-color has-superbfont-small-font-size wp-elements-d91c5937a3ea7b3e1132f610a418531b\">chacun, chacune, souffre \u00e0 sa dose<br>envisage, d\u00e9visage et s\u2019efface<br>&#8212;- sans bataille<\/p>\n\n\n\n<p class=\"has-contrast-dark-color has-text-color has-link-color has-superbfont-small-font-size wp-elements-e9417eb8e2677f8549b1f09e7261001d\">Que reste-t-il de nos col\u00e8res ?<br>Nos fantaisies, nos bonnes mani\u00e8res<br>Que reste-t-il Que reste-t-il<\/p>\n\n\n\n<p class=\"has-text-align-center has-contrast-dark-color has-text-color has-link-color has-superbfont-small-font-size wp-elements-a47ba4dffa4bb717205c252afb3b6ea2\">&#8211;<br><\/p>\n\n\n\n<p><\/p>\n<\/div>\n\n\n\n<p><\/p>\n","protected":false},"excerpt":{"rendered":"<p>Chacun, Chacune, souffre \u00e0 sa dose,s\u2019\u00e9coute, se raconte et s\u2019\u00e9teintdoucement,sans soubresaut. Chacun, chacune, prenant la pose,s\u2019\u00e9coute, se raconte et s\u2019\u00e9teintlentement, sans conviction. Que reste-t-il de nos col\u00e8res ?Nos fantaisies, nos bonnes mani\u00e8res Chacun, chacune, dans son \u00e9crans\u2019enflamme, sort les griffes et renoncebruyamment,sans pudeurchacun, chacune fait son boucans\u2019enflamme, sort les griffes et renonce Que reste-t-il de [&hellip;]<\/p>\n","protected":false},"author":1,"featured_media":0,"parent":0,"menu_order":0,"comment_status":"closed","ping_status":"closed","template":"","meta":{"footnotes":""},"class_list":["post-315","page","type-page","status-publish","hentry"],"_links":{"self":[{"href":"https:\/\/www.filduraz.fr\/index.php?rest_route=\/wp\/v2\/pages\/315","targetHints":{"allow":["GET"]}}],"collection":[{"href":"https:\/\/www.filduraz.fr\/index.php?rest_route=\/wp\/v2\/pages"}],"about":[{"href":"https:\/\/www.filduraz.fr\/index.php?rest_route=\/wp\/v2\/types\/page"}],"author":[{"embeddable":true,"href":"https:\/\/www.filduraz.fr\/index.php?rest_route=\/wp\/v2\/users\/1"}],"replies":[{"embeddable":true,"href":"https:\/\/www.filduraz.fr\/index.php?rest_route=%2Fwp%2Fv2%2Fcomments&post=315"}],"version-history":[{"count":42,"href":"https:\/\/www.filduraz.fr\/index.php?rest_route=\/wp\/v2\/pages\/315\/revisions"}],"predecessor-version":[{"id":1042,"href":"https:\/\/www.filduraz.fr\/index.php?rest_route=\/wp\/v2\/pages\/315\/revisions\/1042"}],"wp:attachment":[{"href":"https:\/\/www.filduraz.fr\/index.php?rest_route=%2Fwp%2Fv2%2Fmedia&parent=315"}],"curies":[{"name":"wp","href":"https:\/\/api.w.org\/{rel}","templated":true}]}}